e the greatest common divisor of j and t.
26
Suppose -6*k - 1 = -8*k - 5*g, -2*g - 11 = -3*k. Suppose -8 = -k*b + 10. Let c be b/4*48/18. What is the highest common factor of 12 and c?
4
Let w be 3/(2 - (-10)/(-6)). Let d = 1167 - 812. Suppose -4*r + 356 = r - 4*p, -5*r + 5*p + d = 0. What is the greatest common divisor of w and r?
9
Suppose 100*v + 22420 = 78420. Calculate the highest common factor of v and 16520.
280
Let x = 2827 + -178. Suppose 4*u = 5099 + x. Calculate the greatest common divisor of 13 and u.
13
Suppose -9*k = 14*k - 28*k. Let w(v) = -v**2 + 24*v + 15. Let s be w(k). Calculate the greatest common divisor of s and 135.
15
Let s(i) = 3*i**3 + 47*i**2 - 3*i - 49. Let z be s(-15). Calculate the highest common divisor of 2 and z.
2
Let g = 763 + 686. What is the greatest common divisor of 1575 and g?
63
Let r = 4730 + -4527. Calculate the highest common factor of r and 464.
29
Suppose -445 - 375 = -20*r. Let u = 171 - r. Suppose -5*f + 140 = 5*i, 3*f - 35 - 51 = -4*i. What is the greatest common divisor of u and f?
26
Let f be 3 - (-1)/((-2)/4). Let r(g) = 3*g. Let s be r(f). Let j = 7206 + -7203. Calculate the highest common divisor of s and j.
3
Let n = -204 + 741. Suppose 4*p - n = -3*h, -44*p - 2*h - 126 = -45*p. Let m = 16 - 5. What is the highest common divisor of m and p?
11
Let j be (-50)/(-8) - 8/32. Let z = -998 - -1004. Calculate the highest common factor of z and j.
6
Let k(q) = q**3 - 16*q**2 + 66*q - 4. Let u be k(8). Let d be 232/u + 8/(-24). Calculate the highest common factor of d and 38.
19
Let p = -32 - -24. Let l be 12/p*-2 + 49*1. Suppose -3*k = -l - 14. Calculate the highest common factor of 33 and k.
11
Let t be (-9)/(-15) + (0 - 1776/(-15)). Suppose -2*j - 5*r = -t, 0 = -5*j - 3*r + 175 + 170. What is the highest common divisor of j and 18?
18
Let z(g) = 10*g**2 - 4*g + 4. Suppose -3*m + 28 = 4*m. Let v be z(m). Suppose 5*q = 457 + v. Calculate the highest common factor of q and 11.
11
Let w = 26897 - 26411. What is the highest common factor of w and 90?
18
Let v = 200 - 175. Let j = 40 - v. What is the greatest common factor of j and 135?
15
Let f = -3 + 8. Let v = 160 + -154. Let s(o) = -o**2 + 7*o + 9. Let p be s(v). Calculate the highest common divisor of f and p.
5
Let b = 45665 - 45605. Suppose 2*r - 240 = -r. Calculate the highest common factor of b and r.
20
Let o be 9*((-4)/(-3) + 8/(-12)). Let m be (-44)/(-12)*(-11)/((-11)/o). What is the greatest common factor of 22 and m?
22
Let b = 25 + -21. Suppose -l - b = 3*k - 0, -4*l + 4*k = -64. Suppose 0 = 11*a - 6*a - 5. Calculate the highest common divisor of a and l.
1
Suppose 18*u - 17*u + 3*h = -6, 0 = 2*u + 2*h. What is the greatest common divisor of 52 and u?
1
Let g(x) = 87*x - 631. Let w be g(8). What is the greatest common divisor of 2665 and w?
65
Suppose 5*a + 38 = 3*x, 0 = -x - 2*a + a + 2. Suppose -18*v = 70 - 124. What is the highest common divisor of v and x?
3
Let m be (8/(-10))/(12/(-30)). Suppose -5 + 15 = m*z. Suppose 4*g - z*a + 14 = 156, -4*g + 4*a + 140 = 0. What is the highest common divisor of 3 and g?
3
Suppose 4*f - 2*f - 20 = 0. Suppose 2766 = f*s + 386. What is the greatest common factor of s and 28?
14
Let o be (-3*(-2)/18)/((-2)/6). Let q = o + 52. Calculate the highest common divisor of q and 119.
17
Let l be -8 - (-20 + 10) - -14. Calculate the highest common factor of 1728 and l.
16
Let p be ((-40)/1)/((-75)/90). Let h be (0 - 146/(-2)) + -1. Calculate the highest common divisor of p and h.
24
Let z(s) = 31*s**3 - 2*s + 1. Let d be z(1). Suppose -4*u + 6*u = -d. Let h = 28 + u. Calculate the greatest common factor of 26 and h.
13
Let w be 3 + (-1 - 0/4). Let b(m) = m - 8 + 3*m**2 + 7*m**3 - 4*m**2 + 11. Let z be b(w). What is the highest common divisor of z and 19?
19
Let g(y) = 13*y**2 + 88*y + 801. Let o be g(-9). What is the highest common divisor of 450 and o?
18
Let t = 133 - 130. Suppose -25 = -t*o - 19. Suppose 2*f = 5*g + 4, o = -2*f + g + 6. What is the highest common divisor of 10 and f?
2
Let p = -74 - -79. Let k be (3 + (p - 22))/(1 - -1). Let x(g) = g**3 + 8*g**2 + 6*g + 6. Let j be x(k). What is the highest common divisor of j and 26?
13
Suppose 3*n = -2*g + 13407, 3*n + 6219 - 19644 = 4*g. Calculate the greatest common divisor of n and 1052.
263
Let k be (-355)/142*(-6)/9 + 282/9. What is the highest common divisor of k and 201?
3
Let b be (-60)/(-16) + (-15)/20. Suppose -k = -2*k - h - 3, 0 = -4*k - 3*h - 7. Suppose k*f - 8*f + 54 = 0. Calculate the greatest common divisor of f and b.
3
Suppose z - 61 = -3*g + 6*z, 4*g = -z + 112. Let k = 65 + g. Suppose -3*m - y = -68, -3*m + 0 = -3*y - 72. What is the highest common divisor of k and m?
23
Suppose -1041 = -5*k - 3*j, -k + 296 - 77 = -3*j. Let s = 22 + 104. Calculate the highest common divisor of k and s.
42
Let a be 1/(1/4 - 0). Suppose -3*m - 39 = 2*w, -4*w = -2*w - 2*m + 34. Let d = a - w. What is the greatest common divisor of 176 and d?
22
Suppose -2*l + 7*l = -3*y + 1031, -425 = -2*l + 3*y. Let u(d) = -4*d**3 - d**2 + 8*d + 3. Let c be u(-3). What is the highest common divisor of l and c?
26
Suppose 4*i - 2*x = 233 + 91, i + 4*x = 81. Calculate the highest common divisor of i and 189.
27
Let f = -102 + 114. Let m be (f*4/40)/(6/10). What is the greatest common factor of 4 and m?
2
Let n(v) = -40*v**3 - 44*v**3 - v - 4 + 27*v**3 - 3*v**2 + 5. Let p be n(-1). Suppose p = -12*j + 16*j. Calculate the greatest common divisor of 14 and j.
14
Let u(w) = -w + 7. Let h be u(-11). Let r be (-183)/(-9) + h/27. Suppose r + 23 = 4*o. Calculate the greatest common factor of o and 99.
11
Let l be (-51)/17 + 1/((-2)/(-2806)). Suppose -9*k + 16*k = l. Calculate the greatest common divisor of k and 8.
8
Suppose 0*f + 3*m - 3009 = -3*f, 0 = -3*m - 6. Calculate the greatest common factor of f and 75.
15
Suppose -5760 = 103*r - 135*r. What is the highest common divisor of 30 and r?
30
Suppose -1192*c = -1194*c + 336. Calculate the greatest common factor of c and 1896.
24
Let b be -1*(-2)/((-5)/(-20) + 0). Let l be (-3)/(-4) + 2 + 1058/b. Calculate the greatest common factor of 54 and l.
27
Let l be -3 - (3 + -18) - 4. Let h be 354/l + (-6)/(-8). Let f = 10 + h. What is the highest common factor of f and 22?
11
Let f(p) = -p**3 - 23*p**2 - 4*p - 31. Let x be f(-23). Let j be 16/(-12) + 2/(6/x). Let s = j - 3. Calculate the highest common divisor of 208 and s.
16
Suppose -4*t - 2*o = 2*o - 4, o = -4*t + 10. Let b(r) = 8*r**2 - 7*r + 5. Let l be b(1). Let a = l - t. What is the greatest common divisor of a and 1?
1
Suppose -3*j - 8*g + 4*g + 1093 = 0, -2*j = 2*g - 728. Let t = 552 - j. What is the greatest common divisor of t and 21?
21
Let x = -83 - -36. Let i = x + 51. Suppose -5*l = -u - 418, 3*l = 5*l - i*u - 160. What is the greatest common divisor of 12 and l?
12
Let x(g) = 2*g**2 - 10*g + 33. Let f(a) = 3*a**2 + 7*a + 7. Let l be f(-2). Let r be x(l). Calculate the greatest common factor of 11 and r.
11
Suppose 3*y + b - 77 = 0, -35 = -11*y + 10*y + 2*b. Let t be (8 - 90/y)/((-2)/(-24)). What is the greatest common factor of 84 and t?
28
Suppose 0 = -t + 5, 281*v + 4*t = 286*v - 310. Let u be (-2 + 2 - -1)*-2. Let a be (-40)/(-6) + u/3. What is the greatest common divisor of v and a?
6
Let a be (-29)/((-58)/12) + (2 - -192). What is the highest common factor of a and 26200?
200
Let r = 150 + -101. Let k(c) = 2*c**3 + 29*c**2 + 19*c + 71. Let i be k(-14). What is the greatest common divisor of r and i?
1
Suppose -3 = -4*b - 5*c + 4, 3*c = 9. Let q be (6/12)/(b/(-12))*7. What is the greatest common factor of q and 6?
3
Let r(b) = 171*b - 1697. Let f be r(12). Calculate the greatest common factor of f and 2201.
71
Let z(i) = 6*i**2 + 17*i - 1. Let f be z(-3). Suppose b - 2 = -f*o, 15 = -o + 2*o - 3*b. What is the greatest common factor of o and 6?
3
Let w(p) = -29*p**3 + 2959*p**2 - 93*p - 153. Let j be w(102). Calculate the highest common divisor of 1935 and j.
45
Let r(n) = n**3 - 18*n**2 + 18*n - 1. Let m be r(18). What is the greatest common factor of m and 152?
19
Let w = 17024 + -17008. What is the greatest common divisor of 7944 and w?
8
Let z(b) = b**2 - 23*b + 49. Let n be z(21). Suppose -n*k - 54 = -16*k. Suppose -4*q = -k*q + 112. Calculate the highe